4*r + 4*y - 19. List the prime factors of r.
2, 5
Let y be 534/9*12*(-27)/(-6). Suppose -3*q - 5*s - 713 = -3929, s - y = -3*q. Suppose -5*r + q = 102. What are the prime factors of r?
193
Suppose 50 = 4*f + 214. Let c = -26 - f. Suppose c = 4*v - 49. What are the prime factors of v?
2
Let o = -299 - -495. Suppose -412 - o = -16*p. What are the prime factors of p?
2, 19
Suppose -8*k + 183 - 119 = 0. What are the prime factors of 2554/k - (-1)/20*-5?
11, 29
Let l(o) = -26*o + 2945. What are the prime factors of l(56)?
1489
Suppose -65*s = -2*u - 70*s + 12824, -5*s = 5*u - 32045. What are the prime factors of u?
43, 149
Let j be (-147)/9 - (-3)/9. Let t = j + 20. Suppose 4*i = -5*n + 413, 0*n + n = t*i - 383. List the prime factors of i.
97
Let s(x) be the first derivative of -2*x**4/3 - 14*x**3/3 - 8*x**2 - 11. Let m(f) be the second derivative of s(f). List the prime factors of m(-9).
2, 29
Suppose -3*f - 2 = -4*f. Suppose -92 - 292 = -8*x. List the prime factors of x/f + 2/(-1).
2, 11
Suppose -58*z + 1844370 = z + 493093. What are the prime factors of z?
37, 619
Let w(q) = 4*q**2 - 2. Let r be w(1). Suppose 879 = u - 4*a, 0 = 4*u - 8*u - r*a + 3426. List the prime factors of u.
859
Suppose -575*o + 572*o + 721 + 29906 = 0. List the prime factors of o.
3, 41, 83
Suppose 6*t + 4*l + 24 = 4*t, -2*l - 10 = 0. List the prime factors of (-451 + 5)*t/(-8)*-2.
223
Let h(m) = 10*m**3 - 10*m**2 + 214*m - 33. List the prime factors of h(10).
29, 383
Suppose -5*l - 186 - 4 = -4*z, 5*z + l - 223 = 0. Let i be (z/75)/(2/10). What are the prime factors of i/5 + (-352)/(-5)?
71
Suppose 7*b - 115 - 151 = 0. Suppose 5*n - b = -2*j, 3*n - 9 = 4*j + 19. Suppose 61 = n*q - 3. What are the prime factors of q?
2
Suppose 4*h + h - 646 = y, 0 = y + 3*h + 654. Let k = y - -1005. Suppose -3*f - l = -k, 0*f + 3*l = 2*f - 225. List the prime factors of f.
3, 13
Suppose 5*a = 15, 0 = 5*n + 3*a + 40 + 66. Let r(w) = -28*w + 11. List the prime factors of r(n).
5, 131
Suppose -5*r = -241 + 1. Let u be r/(-42)*(-28)/8. Suppose v - o = 71, 0 = u*v + 2*o - 112 - 160. List the prime factors of v.
3, 23
Let c(u) = -u**2 + 9*u - 24. Let r be (-4)/(-8) - (-35)/10. Let q be c(r). List the prime factors of (-25)/(20/q) + 75.
2, 5
Let h be (-6)/(-48) - (-2)/(-16) - -2. Suppose 2*a = 2 + 6, -5*z = -h*a + 8. Suppose 2*t - 140 = -z*d - 4*d, 2*t - 116 = 4*d. What are the prime factors of t?
2
Let f be -2 - 1732/(-24) - 18/108. List the prime factors of (f/(-30))/((-1)/327).
7, 109
Let s = -24 - -28. Suppose -2*k + 69 = 5*v, 93 = s*k - 4*v - v. What are the prime factors of (9/4)/(k/2016)?
2, 3, 7
Let z(k) = 129*k - 9621. What are the prime factors of z(130)?
3, 2383
What are the prime factors of (3838926/105)/26 - 8/(-10)?
3, 7, 67
Let m(z) = -z**3 + 64*z**2 + 41*z - 109. What are the prime factors of m(-20)?
37, 883
Let z = -2383 + 3737. List the prime factors of z.
2, 677
Suppose 6*b = 2*b + 28. Let o(w) be the second derivative of w**5/20 - 5*w**4/12 + 2*w**3 + 17*w**2/2 - 216*w. What are the prime factors of o(b)?
199
Let p = 51 - 49. Suppose -i = 2 - p. Suppose i = -9*n + 1133 + 622. What are the prime factors of n?
3, 5, 13
Let j(y) = -13*y**2 + 3574*y**3 - 3565*y**3 - 3*y + 3*y - 5 + 10. What are the prime factors of j(6)?
1481
Let u = -2 + -3. Let n be 20/(-50) + 298/u. Let l = n - -90. List the prime factors of l.
2, 3, 5
Let a = 462 - 271. Suppose 197*k = a*k + 1794. What are the prime factors of k?
13, 23
Let x(j) = 25*j**2 - 68*j + 1441. What are the prime factors of x(31)?
2, 3, 17, 229
Let p(b) = 244*b**3 - b**2 - 2*b + 2. Let n = 122 - 119. Suppose 5*a - n*a - 2 = 0. List the prime factors of p(a).
3
Let o = 18916 + 45571. What are the prime factors of o?
59, 1093
Let d = -22449 + 46605. What are the prime factors of d?
2, 3, 11, 61
Suppose 0 = 16*j - 93901 - 26147. What are the prime factors of j?
3, 41, 61
Let l = -1052 + 2864. List the prime factors of l.
2, 3, 151
Suppose -987246 = -121*b - 154645. List the prime factors of b.
7, 983
Suppose 3*h + u - 114578 = 63633, h - 59371 = -5*u. List the prime factors of h.
2, 3, 9901
Let a(v) = 1718*v - 698. What are the prime factors of a(8)?
2, 11, 593
Let l(t) = 11 - 15 - 16*t - 2*t. What are the prime factors of l(-8)?
2, 5, 7
Let i(u) = -12249*u - 1386. What are the prime factors of i(-3)?
3, 3929
Suppose -15*l = -4*l - 7953. Suppose 5*o - l = 4*u, 20 = o - 3*u - 118. List the prime factors of o.
3, 7
Suppose 2*k = -16*k + 198. Suppose -k*a = -13*a + 4. What are the prime factors of a?
2
Suppose 3*y - 11*y = 7*y. Suppose 10*r + 0 + y = 0. Suppose 0 = -2*z - 5*i + 519, r = -3*z - 8*i + 5*i + 774. What are the prime factors of z?
257
Let b(l) = l**2 + 11*l - 37. Let a be b(-14). Let p(d) = -2*d + 1. Let z be p(-2). Suppose z*s - 550 = -a*h, -s + 116 = -2*h - 0*h. List the prime factors of s.
2, 7
Suppose 72075 = -10*n + 233915. What are the prime factors of n?
2, 7, 17
Let m(q) = q - 1. Let i be m(10). Let g(n) = 2*n - 703*n**3 - 9*n**2 + 704*n**3 + 18 + n. What are the prime factors of g(i)?
3, 5
Let c = 748 + -512. Let r = -119 + c. List the prime factors of r.
3, 13
Let n = 595 + -656. Let d = n - -655. List the prime factors of d.
2, 3, 11
Let w(v) = 128 + v - 3*v + 417*v**3 - 127. List the prime factors of w(1).
2, 13
Suppose 0*m = -3*m. Suppose m = 2*u - 4*d + 12, 12*u - 10*u - 5*d = -13. What are the prime factors of 6 + (u - (4 + -6))?
2
Let n(v) = 9*v - 28. Let b be n(5). Suppose -10*y = -b - 23. Suppose -y*t + 112 = -116. What are the prime factors of t?
3, 19
Let d(c) = c**3 - 24*c**2 + 58*c - 70. Suppose 19*n - 151 = 267. List the prime factors of d(n).
2, 7, 17
Suppose -125864 = -28*p + 52160. Suppose 49*n - 27*n - p = 0. List the prime factors of n.
17
Let i = -71400 - -144833. List the prime factors of i.
73433
Suppose 1680 = -h - 5*h. Let l be h/(-4) - 3/(3/(-4)). Suppose 5*q = 5*x - 715, 5*q - l - 57 = -x. List the prime factors of x.
3, 47
Let b(n) = -n**3 + 11*n**2 - 16*n - 13. Let u be b(9). Suppose -8*q + 24 = -u*q. Suppose 0 = i + q - 103. What are the prime factors of i?
5, 19
Suppose -6562 = -8*a - 41*a + 20976. List the prime factors of a.
2, 281
Suppose -15*c = -3*c - 52181 - 60487. What are the prime factors of c?
41, 229
Let o = 423 - 194. Let a = o - 67. What are the prime factors of 4/(8/15)*a/15?
3
Suppose 39 = -40*r + 41*r. Let k = r + -56. Let d(m) = m**2 + 12*m + 18. What are the prime factors of d(k)?
103
Let j(q) = 72*q + 199. Let d be j(-12). Let y = 1188 + d. What are the prime factors of y?
523
Let b be ((-162)/12)/(-9)*12/(-9). Let l(c) = -99*c - 28. What are the prime factors of l(b)?
2, 5, 17
Let a(c) = 530*c**2 + 28*c - 126. What are the prime factors of a(6)?
2, 3, 3187
Suppose -4*f - 2*c - 1078 = -2*f, 2129 = -4*f + 5*c. Let d = 921 + f. List the prime factors of d.
5, 7, 11
Let c = 79 + -74. Suppose -j = 2*y + 807 - 2311, c*j + 10 = 0. List the prime factors of y.
3, 251
Suppose 4*p = -z + 96, 3*p + 2*z = 76 - 9. Suppose -t + 43 = t - 3*g, p = -5*g. Suppose 0 = -2*u - t + 80. List the prime factors of u.
3, 11
Let c = 37 - 37. Suppose 126 = 4*x - 918. Suppose c*k = -3*k + x. What are the prime factors of k?
3, 29
Suppose 3*n + 2*l - 12549 = 18001, -3*n + 4*l = -30520. List the prime factors of n.
2, 5, 509
Suppose -2 = -4*k + 2*k. Suppose -5 = -2*s - 2*h - k, -s - 2*h = -1. Suppose -2*y - s*y + 650 = 0. List the prime factors of y.
2, 5, 13
Let a(i) = 511*i + 2085. What are the prime factors of a(35)?
2, 5, 1997
Let c = 10316 - 1061. What are the prime factors of c?
3, 5, 617
Let v(c) = c**3 + 54*c**2 - 123*c + 884. List the prime factors of v(-47).
2, 3, 461
Suppose 15 - 23 = 2*l. Let x(j) = -53*j + 25. List the prime factors of x(l).
3, 79
Let z(a) = 27*a**2 + 187*a - 9. Let m be z(-7). Suppose m*k + 232 = 1877. What are the prime factors of k?
7, 47
Let m(i) = i**3 + 27*i**2 - 16*i - 10. Let x be m(-27). Let j = 788 - x. List the prime factors of j.
2, 3, 61
Suppose 3*j - 41855 = 4*d + 37890, 2*d - 79715 = -3*j. List the prime factors of j.
5, 1063
Let n(p) = 26*p + 28. Let w be n(7). Suppose 0 = -w*k + 211*k - 1. What are the prime factors of (((-4)/(-1))/(-8))/(k/(-10))?
5
Suppose 0 = 18*i + 8*i - 2730. Let l = i - -170. List the prime factors of l.
5, 11
List the prime f